{"id":133,"date":"2020-05-27T23:59:53","date_gmt":"2020-05-28T02:59:53","guid":{"rendered":"https:\/\/fortebaterias.com.br\/site2\/?page_id=133"},"modified":"2024-09-17T10:00:56","modified_gmt":"2024-09-17T13:00:56","slug":"baterias-de-moto","status":"publish","type":"page","link":"https:\/\/fortebaterias.com.br\/site\/baterias-de-moto\/","title":{"rendered":"Baterias de Moto"},"content":{"rendered":"<p>[et_pb_section fb_built=&#8221;1&#8243; _builder_version=&#8221;4.16&#8243; global_colors_info=&#8221;{}&#8221;][et_pb_row _builder_version=&#8221;4.16&#8243; global_colors_info=&#8221;{}&#8221;][et_pb_column type=&#8221;4_4&#8243; _builder_version=&#8221;4.16&#8243; global_colors_info=&#8221;{}&#8221;][et_pb_text _builder_version=&#8221;4.16&#8243; header_3_text_color=&#8221;#424242&#8243; text_orientation=&#8221;justified&#8221; global_colors_info=&#8221;{}&#8221;]<\/p>\n<div class=\"et_pb_column et_pb_column_4_4 et_pb_column_0 et_pb_css_mix_blend_mode_passthrough et-last-child\">\n<div class=\"et_pb_module et_pb_text et_pb_text_0 et_pb_bg_layout_light et_pb_text_align_left\">\n<div class=\"et_pb_text_inner\">\n<h1 style=\"text-align: center;\">Baterias de Moto<\/h1>\n<p>&nbsp;<\/p>\n<p>&nbsp;<\/p>\n<p><span style=\"font-size: 14px; text-align: justify;\">\u00a0<\/span><\/p>\n<\/div>\n<\/div>\n<\/div>\n<p><span style=\"font-weight: 400;\">A escolha da bateria ideal para sua moto \u00e9 fundamental para garantir o desempenho e a seguran\u00e7a nas suas viagens. Seja voc\u00ea um motociclista urbano que depende da moto para o dia a dia ou algu\u00e9m que a utiliza para longas viagens, ter uma bateria de qualidade e confi\u00e1vel faz toda a diferen\u00e7a.<\/span><\/p>\n<p><span style=\"font-weight: 400;\">Ao visitar uma loja de motos em BH ou em regi\u00f5es pr\u00f3ximas, como Contagem e Betim, \u00e9 importante saber o que procurar em uma bateria. Uma loja de bateria de motos de confian\u00e7a vai oferecer diversas marcas e modelos, cada um com suas caracter\u00edsticas pr\u00f3prias, pensadas para atender diferentes necessidades. A maioria dessas lojas n\u00e3o s\u00f3 vende baterias, mas tamb\u00e9m oferece o servi\u00e7o de instala\u00e7\u00e3o, garantindo que voc\u00ea possa rodar com tranquilidade.<\/span><\/p>\n<p><span style=\"font-weight: 400;\">A bateria de uma moto desempenha um papel essencial no funcionamento do ve\u00edculo, especialmente no momento da partida. Ela tamb\u00e9m fornece energia para todos os componentes el\u00e9tricos e eletr\u00f4nicos, como far\u00f3is, alarme, e, em motos mais modernas, sistemas de navega\u00e7\u00e3o e outros dispositivos de tecnologia embarcada. Para manter sua moto funcionando perfeitamente, \u00e9 necess\u00e1rio garantir que a bateria esteja sempre em boas condi\u00e7\u00f5es, pois uma falha pode deixar voc\u00ea na estrada sem a possibilidade de dar partida.<\/span><\/p>\n<p><span style=\"font-weight: 400;\">Ao procurar por uma loja de motos em BH ou uma loja de baterias para moto em qualquer outra localidade, certifique-se de que o estabelecimento tenha variedade de marcas. Algumas das marcas mais reconhecidas no mercado incluem Yuasa, Heliar e Moura. Essas marcas oferecem baterias de alta durabilidade, projetadas para atender \u00e0s especificidades dos diversos modelos de motocicletas.<\/span><\/p>\n<p><span style=\"font-weight: 400;\">Para os moradores de Contagem, encontrar uma loja de motos em Contagem que ofere\u00e7a uma boa sele\u00e7\u00e3o de baterias \u00e9 um al\u00edvio para aqueles que precisam de uma substitui\u00e7\u00e3o r\u00e1pida. Nessas lojas, al\u00e9m de comprar a bateria, voc\u00ea pode obter conselhos sobre qual modelo \u00e9 mais adequado para a sua motocicleta, seja uma moto de uso di\u00e1rio ou um modelo de alta performance. As lojas de motos em Contagem tamb\u00e9m costumam oferecer facilidades de pagamento e condi\u00e7\u00f5es especiais para quem deseja manter sua moto sempre em excelente estado.<\/span><\/p>\n<p><span style=\"font-weight: 400;\">No entanto, ao escolher uma bateria de moto, \u00e9 fundamental entender algumas caracter\u00edsticas t\u00e9cnicas que far\u00e3o diferen\u00e7a no desempenho da sua moto. Uma delas \u00e9 a amperagem-hora (Ah), que determina a capacidade da bateria de armazenar energia. Para motos menores, como scooters, baterias de 5Ah a 9Ah s\u00e3o suficientes, enquanto para motos maiores, como as de alta cilindrada, \u00e9 comum usar baterias entre 12Ah e 18Ah. Isso significa que uma loja de bateria moto precisa oferecer uma boa gama de op\u00e7\u00f5es para atender os diferentes modelos e necessidades.<\/span><\/p>\n<p><span style=\"font-weight: 400;\">Ao procurar por uma bateria moto BH, voc\u00ea pode tamb\u00e9m se beneficiar de lojas especializadas que t\u00eam t\u00e9cnicos capacitados para diagnosticar poss\u00edveis problemas el\u00e9tricos e garantir que a troca da bateria seja feita corretamente. Nessas lojas, \u00e9 comum que, al\u00e9m da venda, sejam oferecidos servi\u00e7os de instala\u00e7\u00e3o e reciclagem das baterias antigas, seguindo as pr\u00e1ticas de descarte ambientalmente respons\u00e1veis.<\/span><\/p>\n<p><span style=\"font-weight: 400;\">Em regi\u00f5es como Betim, as lojas de motos em Betim tamb\u00e9m atendem uma demanda crescente de motociclistas que precisam de baterias de qualidade para suas motos. A vantagem de procurar uma loja de moto Betim \u00e9 que voc\u00ea pode contar com um atendimento mais personalizado, com especialistas locais que conhecem as prefer\u00eancias dos motociclistas da regi\u00e3o. Muitas vezes, essas lojas oferecem promo\u00e7\u00f5es e condi\u00e7\u00f5es exclusivas para quem deseja garantir uma bateria nova com o melhor custo-benef\u00edcio.<\/span><\/p>\n<p><span style=\"font-weight: 400;\">Manter sua moto em perfeitas condi\u00e7\u00f5es el\u00e9tricas requer uma bateria de alta qualidade, mas tamb\u00e9m cuidados frequentes. O calor excessivo, o uso prolongado da moto em curtas dist\u00e2ncias e a falta de manuten\u00e7\u00e3o adequada s\u00e3o alguns dos fatores que podem reduzir a vida \u00fatil da bateria. Por isso, ao visitar uma loja de baterias para moto, pergunte sobre dicas de manuten\u00e7\u00e3o para prolongar a vida \u00fatil da sua bateria. Algumas dicas incluem evitar deixar a moto parada por longos per\u00edodos, realizar a recarga adequada quando necess\u00e1rio e verificar regularmente o sistema el\u00e9trico da moto.<\/span><\/p>\n<p><span style=\"font-weight: 400;\">Seja em BH, Contagem ou Betim, sempre haver\u00e1 uma loja de motos pronta para atender voc\u00ea com o que h\u00e1 de melhor em termos de baterias. As lojas moto BH e as lojas de moto Betim oferecem mais do que apenas baterias; elas s\u00e3o parceiros no cuidado e manuten\u00e7\u00e3o do seu ve\u00edculo. Encontrar a bateria certa para sua moto \u00e9 apenas o primeiro passo para garantir que sua motocicleta continue oferecendo o desempenho e a seguran\u00e7a que voc\u00ea precisa, tanto nas ruas movimentadas da cidade quanto em estradas abertas.<\/span><\/p>\n<p><span style=\"font-weight: 400;\">Na hora de comprar, escolha uma loja de bateria moto de confian\u00e7a e considere fatores como a garantia oferecida, a proced\u00eancia da bateria e os servi\u00e7os adicionais, como a instala\u00e7\u00e3o e o suporte t\u00e9cnico. Dessa forma, voc\u00ea ter\u00e1 a certeza de que est\u00e1 adquirindo um produto de qualidade e que sua moto estar\u00e1 sempre pronta para te levar aonde voc\u00ea precisar.<\/span><\/p>\n<p><span style=\"font-weight: 400;\">Conclus\u00e3o<\/span><\/p>\n<p><span style=\"font-weight: 400;\">A escolha da bateria ideal para sua moto, seja em BH, Contagem ou Betim, \u00e9 crucial para o bom funcionamento do ve\u00edculo. Uma loja de motos em BH ou uma loja de bateria de motos nas regi\u00f5es pr\u00f3ximas pode oferecer diversas op\u00e7\u00f5es, atendendo \u00e0s necessidades dos motociclistas locais. Compre baterias de qualidade, de marcas confi\u00e1veis, e fa\u00e7a a manuten\u00e7\u00e3o adequada para garantir a longevidade do seu ve\u00edculo e evitar contratempos. Seja para o uso di\u00e1rio ou para longas viagens, investir em uma boa bateria \u00e9 investir na seguran\u00e7a e no desempenho da sua moto.<\/span><\/p>\n<p>&nbsp;<\/p>\n<p>&nbsp;<\/p>\n<p>&nbsp;<\/p>\n<p><span style=\"color: #0c0c0c;\"><a href=\"https:\/\/fortebaterias.com.br\/site\/loja-virtual\/\" style=\"color: #0c0c0c;\">Compre aqui<\/a><\/span>.<\/p>\n<p>[\/et_pb_text][\/et_pb_column][\/et_pb_row][\/et_pb_section]<\/p>\n","protected":false},"excerpt":{"rendered":"<p>Baterias de Moto &nbsp; &nbsp; \u00a0 A escolha da bateria ideal para sua moto \u00e9 fundamental para garantir o desempenho e a seguran\u00e7a nas suas viagens. Seja voc\u00ea um motociclista urbano que depende da moto para o dia a dia ou algu\u00e9m que a utiliza para longas viagens, ter uma bateria de qualidade e confi\u00e1vel [&hellip;]<\/p>\n","protected":false},"author":1,"featured_media":581,"parent":0,"menu_order":0,"comment_status":"closed","ping_status":"closed","template":"","meta":{"_et_pb_use_builder":"on","_et_pb_old_content":"","_et_gb_content_width":"","footnotes":""},"class_list":["post-133","page","type-page","status-publish","has-post-thumbnail","hentry"],"yoast_head":"<!-- This site is optimized with the Yoast SEO Premium plugin v25.6 (Yoast SEO v25.6) - https:\/\/yoast.com\/wordpress\/plugins\/seo\/ -->\n<title>Baterias de moto - Loja Especializada - 3333-3008<\/title>\n<meta name=\"description\" content=\"Baterias de moto , Revenda autorizada das marcas ,Baterias Moura ,Baterias Heliar. Baterias em BH ,Baterias em Contagem, Baterias em Betim.\" \/>\n<meta name=\"robots\" content=\"index, follow, max-snippet:-1, max-image-preview:large, max-video-preview:-1\" \/>\n<link rel=\"canonical\" href=\"https:\/\/fortebaterias.com.br\/site\/baterias-de-moto\/\" \/>\n<meta property=\"og:locale\" content=\"pt_BR\" \/>\n<meta property=\"og:type\" content=\"article\" \/>\n<meta property=\"og:title\" content=\"Baterias de Moto\" \/>\n<meta property=\"og:description\" content=\"Baterias de moto , Revenda autorizada das marcas ,Baterias Moura ,Baterias Heliar. Baterias em BH ,Baterias em Contagem, Baterias em Betim.\" \/>\n<meta property=\"og:url\" content=\"https:\/\/fortebaterias.com.br\/site\/baterias-de-moto\/\" \/>\n<meta property=\"og:site_name\" content=\"Forte - Baterias de Carro\" \/>\n<meta property=\"article:publisher\" content=\"https:\/\/www.facebook.com\/fortebateriasoficial-106633254331899\" \/>\n<meta property=\"article:modified_time\" content=\"2024-09-17T13:00:56+00:00\" \/>\n<meta property=\"og:image\" content=\"https:\/\/fortebaterias.com.br\/site\/wp-content\/uploads\/2020\/07\/1.jpg\" \/>\n\t<meta property=\"og:image:width\" content=\"1200\" \/>\n\t<meta property=\"og:image:height\" content=\"1200\" \/>\n\t<meta property=\"og:image:type\" content=\"image\/jpeg\" \/>\n<meta name=\"twitter:label1\" content=\"Est. tempo de leitura\" \/>\n\t<meta name=\"twitter:data1\" content=\"6 minutos\" \/>\n<script type=\"application\/ld+json\" class=\"yoast-schema-graph\">{\"@context\":\"https:\/\/schema.org\",\"@graph\":[{\"@type\":\"WebPage\",\"@id\":\"https:\/\/fortebaterias.com.br\/site\/baterias-de-moto\/\",\"url\":\"https:\/\/fortebaterias.com.br\/site\/baterias-de-moto\/\",\"name\":\"Baterias de moto - Loja Especializada - 3333-3008\",\"isPartOf\":{\"@id\":\"https:\/\/fortebaterias.com.br\/site\/#website\"},\"primaryImageOfPage\":{\"@id\":\"https:\/\/fortebaterias.com.br\/site\/baterias-de-moto\/#primaryimage\"},\"image\":{\"@id\":\"https:\/\/fortebaterias.com.br\/site\/baterias-de-moto\/#primaryimage\"},\"thumbnailUrl\":\"https:\/\/fortebaterias.com.br\/site\/wp-content\/uploads\/2020\/07\/1.jpg\",\"datePublished\":\"2020-05-28T02:59:53+00:00\",\"dateModified\":\"2024-09-17T13:00:56+00:00\",\"description\":\"Baterias de moto , Revenda autorizada das marcas ,Baterias Moura ,Baterias Heliar. Baterias em BH ,Baterias em Contagem, Baterias em Betim.\",\"breadcrumb\":{\"@id\":\"https:\/\/fortebaterias.com.br\/site\/baterias-de-moto\/#breadcrumb\"},\"inLanguage\":\"pt-BR\",\"potentialAction\":[{\"@type\":\"ReadAction\",\"target\":[\"https:\/\/fortebaterias.com.br\/site\/baterias-de-moto\/\"]}]},{\"@type\":\"ImageObject\",\"inLanguage\":\"pt-BR\",\"@id\":\"https:\/\/fortebaterias.com.br\/site\/baterias-de-moto\/#primaryimage\",\"url\":\"https:\/\/fortebaterias.com.br\/site\/wp-content\/uploads\/2020\/07\/1.jpg\",\"contentUrl\":\"https:\/\/fortebaterias.com.br\/site\/wp-content\/uploads\/2020\/07\/1.jpg\",\"width\":1200,\"height\":1200},{\"@type\":\"BreadcrumbList\",\"@id\":\"https:\/\/fortebaterias.com.br\/site\/baterias-de-moto\/#breadcrumb\",\"itemListElement\":[{\"@type\":\"ListItem\",\"position\":1,\"name\":\"In\u00edcio\",\"item\":\"https:\/\/fortebaterias.com.br\/site\/\"},{\"@type\":\"ListItem\",\"position\":2,\"name\":\"Baterias de Moto\"}]},{\"@type\":\"WebSite\",\"@id\":\"https:\/\/fortebaterias.com.br\/site\/#website\",\"url\":\"https:\/\/fortebaterias.com.br\/site\/\",\"name\":\"Forte - Baterias de Carro\",\"description\":\"Baterias de Carro | BH | Contagem | Betim\",\"publisher\":{\"@id\":\"https:\/\/fortebaterias.com.br\/site\/#organization\"},\"potentialAction\":[{\"@type\":\"SearchAction\",\"target\":{\"@type\":\"EntryPoint\",\"urlTemplate\":\"https:\/\/fortebaterias.com.br\/site\/?s={search_term_string}\"},\"query-input\":{\"@type\":\"PropertyValueSpecification\",\"valueRequired\":true,\"valueName\":\"search_term_string\"}}],\"inLanguage\":\"pt-BR\"},{\"@type\":\"Organization\",\"@id\":\"https:\/\/fortebaterias.com.br\/site\/#organization\",\"name\":\"Forte Baterias\",\"url\":\"https:\/\/fortebaterias.com.br\/site\/\",\"logo\":{\"@type\":\"ImageObject\",\"inLanguage\":\"pt-BR\",\"@id\":\"https:\/\/fortebaterias.com.br\/site\/#\/schema\/logo\/image\/\",\"url\":\"https:\/\/fortebaterias.com.br\/site\/wp-content\/uploads\/2020\/07\/forte-baterias-2020.png\",\"contentUrl\":\"https:\/\/fortebaterias.com.br\/site\/wp-content\/uploads\/2020\/07\/forte-baterias-2020.png\",\"width\":454,\"height\":122,\"caption\":\"Forte Baterias\"},\"image\":{\"@id\":\"https:\/\/fortebaterias.com.br\/site\/#\/schema\/logo\/image\/\"},\"sameAs\":[\"https:\/\/www.facebook.com\/fortebateriasoficial-106633254331899\",\"https:\/\/www.instagram.com\/fortebateriasoficial\/\"]}]}<\/script>\n<!-- \/ Yoast SEO Premium plugin. -->","yoast_head_json":{"title":"Baterias de moto - Loja Especializada - 3333-3008","description":"Baterias de moto , Revenda autorizada das marcas ,Baterias Moura ,Baterias Heliar. Baterias em BH ,Baterias em Contagem, Baterias em Betim.","robots":{"index":"index","follow":"follow","max-snippet":"max-snippet:-1","max-image-preview":"max-image-preview:large","max-video-preview":"max-video-preview:-1"},"canonical":"https:\/\/fortebaterias.com.br\/site\/baterias-de-moto\/","og_locale":"pt_BR","og_type":"article","og_title":"Baterias de Moto","og_description":"Baterias de moto , Revenda autorizada das marcas ,Baterias Moura ,Baterias Heliar. Baterias em BH ,Baterias em Contagem, Baterias em Betim.","og_url":"https:\/\/fortebaterias.com.br\/site\/baterias-de-moto\/","og_site_name":"Forte - Baterias de Carro","article_publisher":"https:\/\/www.facebook.com\/fortebateriasoficial-106633254331899","article_modified_time":"2024-09-17T13:00:56+00:00","og_image":[{"width":1200,"height":1200,"url":"https:\/\/fortebaterias.com.br\/site\/wp-content\/uploads\/2020\/07\/1.jpg","type":"image\/jpeg"}],"twitter_misc":{"Est. tempo de leitura":"6 minutos"},"schema":{"@context":"https:\/\/schema.org","@graph":[{"@type":"WebPage","@id":"https:\/\/fortebaterias.com.br\/site\/baterias-de-moto\/","url":"https:\/\/fortebaterias.com.br\/site\/baterias-de-moto\/","name":"Baterias de moto - Loja Especializada - 3333-3008","isPartOf":{"@id":"https:\/\/fortebaterias.com.br\/site\/#website"},"primaryImageOfPage":{"@id":"https:\/\/fortebaterias.com.br\/site\/baterias-de-moto\/#primaryimage"},"image":{"@id":"https:\/\/fortebaterias.com.br\/site\/baterias-de-moto\/#primaryimage"},"thumbnailUrl":"https:\/\/fortebaterias.com.br\/site\/wp-content\/uploads\/2020\/07\/1.jpg","datePublished":"2020-05-28T02:59:53+00:00","dateModified":"2024-09-17T13:00:56+00:00","description":"Baterias de moto , Revenda autorizada das marcas ,Baterias Moura ,Baterias Heliar. Baterias em BH ,Baterias em Contagem, Baterias em Betim.","breadcrumb":{"@id":"https:\/\/fortebaterias.com.br\/site\/baterias-de-moto\/#breadcrumb"},"inLanguage":"pt-BR","potentialAction":[{"@type":"ReadAction","target":["https:\/\/fortebaterias.com.br\/site\/baterias-de-moto\/"]}]},{"@type":"ImageObject","inLanguage":"pt-BR","@id":"https:\/\/fortebaterias.com.br\/site\/baterias-de-moto\/#primaryimage","url":"https:\/\/fortebaterias.com.br\/site\/wp-content\/uploads\/2020\/07\/1.jpg","contentUrl":"https:\/\/fortebaterias.com.br\/site\/wp-content\/uploads\/2020\/07\/1.jpg","width":1200,"height":1200},{"@type":"BreadcrumbList","@id":"https:\/\/fortebaterias.com.br\/site\/baterias-de-moto\/#breadcrumb","itemListElement":[{"@type":"ListItem","position":1,"name":"In\u00edcio","item":"https:\/\/fortebaterias.com.br\/site\/"},{"@type":"ListItem","position":2,"name":"Baterias de Moto"}]},{"@type":"WebSite","@id":"https:\/\/fortebaterias.com.br\/site\/#website","url":"https:\/\/fortebaterias.com.br\/site\/","name":"Forte - Baterias de Carro","description":"Baterias de Carro | BH | Contagem | Betim","publisher":{"@id":"https:\/\/fortebaterias.com.br\/site\/#organization"},"potentialAction":[{"@type":"SearchAction","target":{"@type":"EntryPoint","urlTemplate":"https:\/\/fortebaterias.com.br\/site\/?s={search_term_string}"},"query-input":{"@type":"PropertyValueSpecification","valueRequired":true,"valueName":"search_term_string"}}],"inLanguage":"pt-BR"},{"@type":"Organization","@id":"https:\/\/fortebaterias.com.br\/site\/#organization","name":"Forte Baterias","url":"https:\/\/fortebaterias.com.br\/site\/","logo":{"@type":"ImageObject","inLanguage":"pt-BR","@id":"https:\/\/fortebaterias.com.br\/site\/#\/schema\/logo\/image\/","url":"https:\/\/fortebaterias.com.br\/site\/wp-content\/uploads\/2020\/07\/forte-baterias-2020.png","contentUrl":"https:\/\/fortebaterias.com.br\/site\/wp-content\/uploads\/2020\/07\/forte-baterias-2020.png","width":454,"height":122,"caption":"Forte Baterias"},"image":{"@id":"https:\/\/fortebaterias.com.br\/site\/#\/schema\/logo\/image\/"},"sameAs":["https:\/\/www.facebook.com\/fortebateriasoficial-106633254331899","https:\/\/www.instagram.com\/fortebateriasoficial\/"]}]}},"_links":{"self":[{"href":"https:\/\/fortebaterias.com.br\/site\/wp-json\/wp\/v2\/pages\/133"}],"collection":[{"href":"https:\/\/fortebaterias.com.br\/site\/wp-json\/wp\/v2\/pages"}],"about":[{"href":"https:\/\/fortebaterias.com.br\/site\/wp-json\/wp\/v2\/types\/page"}],"author":[{"embeddable":true,"href":"https:\/\/fortebaterias.com.br\/site\/wp-json\/wp\/v2\/users\/1"}],"replies":[{"embeddable":true,"href":"https:\/\/fortebaterias.com.br\/site\/wp-json\/wp\/v2\/comments?post=133"}],"version-history":[{"count":13,"href":"https:\/\/fortebaterias.com.br\/site\/wp-json\/wp\/v2\/pages\/133\/revisions"}],"predecessor-version":[{"id":3003,"href":"https:\/\/fortebaterias.com.br\/site\/wp-json\/wp\/v2\/pages\/133\/revisions\/3003"}],"wp:featuredmedia":[{"embeddable":true,"href":"https:\/\/fortebaterias.com.br\/site\/wp-json\/wp\/v2\/media\/581"}],"wp:attachment":[{"href":"https:\/\/fortebaterias.com.br\/site\/wp-json\/wp\/v2\/media?parent=133"}],"curies":[{"name":"wp","href":"https:\/\/api.w.org\/{rel}","templated":true}]}}